{"id":429,"date":"2019-01-16T11:44:10","date_gmt":"2019-01-16T13:44:10","guid":{"rendered":"http:\/\/tngtec.com.br\/site\/?page_id=429"},"modified":"2021-01-28T15:43:46","modified_gmt":"2021-01-28T18:43:46","slug":"business-one","status":"publish","type":"page","link":"https:\/\/tngtec.com.br\/site\/business-one\/","title":{"rendered":"&#8211; SAP"},"content":{"rendered":"<p><img loading=\"lazy\" class=\"wp-image-474 aligncenter\" src=\"http:\/\/tngtec.com.br\/site\/wp-content\/uploads\/2019\/01\/sap_new_logotl_573811.jpg\" alt=\"\" width=\"85\" height=\"60\" \/><\/p>\n<p>Empresas como a sua tem\u00a0<b>grandes metas<\/b>. Seja como uma pequena empresa ou at\u00e9 subsidi\u00e1ria de uma grande corpora\u00e7\u00e3o, voc\u00ea precisa ter uma vis\u00e3o clara de toda a din\u00e2mica dos neg\u00f3cios para enfrentar a\u00a0<b>concorr\u00eancia.<\/b>\u00a0Deve agilizar processos e encontrar meios mais eficientes de acessar as informa\u00e7\u00f5es que resultar\u00e3o nas melhores decis\u00f5es sobre os neg\u00f3cios.<\/p>\n<p>O\u00a0<b>SAP Business One<\/b>, com a\u00a0<b>Ramo Sistemas<\/b>, pode ajudar sua organiza\u00e7\u00e3o a\u00a0<b>ver, pensar e agir<\/b>\u00a0com clareza para que voc\u00ea elimine o gap existente entre estrat\u00e9gia e execu\u00e7\u00e3o, tornando-se uma empresa mais bem administrada.<\/p>\n<p>https:\/\/youtu.be\/s1mKQq_pQgY<\/p>\n<h1 class=\"edgtf-st-title\">Voc\u00ea precisa de mais do que um sistema de ERP que faz o b\u00e1sico<\/h1>\n<div class=\"edgtf-section-title-holder\">\n<p class=\"edgtf-st-text\">Administre todos os processos de sua empresa com o SAP Business One \u2013 o ERP da SAP para a pequena e m\u00e9dia empresa e empresas em crescimento<\/p>\n<\/div>\n<p>\u2022 Tenha mais controle sobre sua empresa ou subsidi\u00e1ria com o SAP Business One.<\/p>\n<p>\u2022 Disponibilize acesso instant\u00e2neo ao software para seus colaboradores por meio de aplicativo.<\/p>\n<p>\u2022 Mantenha todas as informa\u00e7\u00f5es do neg\u00f3cio em um sistema \u00fanico e escal\u00e1vel.<\/p>\n<p>\u2022 Tenha a marca mais reconhecida de ERP do mundo \u2013 SAP \u2013 rodando na sua empresa.<\/p>\n<p>\u2022 Obtenha respostas para suas d\u00favidas mais prementes, com o Business Intelligence!<\/p>\n<p>\u2022\u00a0Implemente o sistema on-premise ou em nuvem em 8 semanas.<\/p>\n<p>&nbsp;<\/p>\n<hr \/>\n<div>\n<p>&nbsp;<\/p>\n<p><img loading=\"lazy\" class=\"wp-image-531 size-medium alignright\" style=\"float: right;\" src=\"http:\/\/tngtec.com.br\/site\/wp-content\/uploads\/2019\/01\/sap-gestao-contabil-gerencial-300x175.jpg\" alt=\"\" width=\"300\" height=\"175\" srcset=\"https:\/\/tngtec.com.br\/site\/wp-content\/uploads\/2019\/01\/sap-gestao-contabil-gerencial-300x175.jpg 300w, https:\/\/tngtec.com.br\/site\/wp-content\/uploads\/2019\/01\/sap-gestao-contabil-gerencial-768x448.jpg 768w, https:\/\/tngtec.com.br\/site\/wp-content\/uploads\/2019\/01\/sap-gestao-contabil-gerencial.jpg 810w\" sizes=\"(max-width: 300px) 100vw, 300px\" \/><\/p>\n<h2>Gest\u00e3o Cont\u00e1bil e Gerencial<\/h2>\n<p>Gerencie a sua contabilidade, seus resultados, sua DRE atrav\u00e9s do SAP Business One. Com uma solu\u00e7\u00e3o totalmente integrada, todos os dados do SAP Business One nascem nos m\u00f3dulos de origem e s\u00e3o lan\u00e7ados de maneira online e real time na contabilidade, sem nenhuma integra\u00e7\u00e3o batch ou manual, que pode causar erros. Tenha a sua contabilidade fiscal e gerencial dentro do seu SAP Business One, e realmente gerencie os resultados de seu neg\u00f3cio, de forma competente com uma solu\u00e7\u00e3o de classe mundial SAP.<\/p>\n<p>&nbsp;<\/p>\n<hr \/>\n<\/div>\n<div>\n<p>&nbsp;<\/p>\n<p><img loading=\"lazy\" class=\"wp-image-532 size-medium alignleft\" style=\"float: left;\" src=\"http:\/\/tngtec.com.br\/site\/wp-content\/uploads\/2019\/01\/sap-gestao-financeira-bancos-300x175.jpg\" alt=\"\" width=\"300\" height=\"175\" srcset=\"https:\/\/tngtec.com.br\/site\/wp-content\/uploads\/2019\/01\/sap-gestao-financeira-bancos-300x175.jpg 300w, https:\/\/tngtec.com.br\/site\/wp-content\/uploads\/2019\/01\/sap-gestao-financeira-bancos-768x448.jpg 768w, https:\/\/tngtec.com.br\/site\/wp-content\/uploads\/2019\/01\/sap-gestao-financeira-bancos.jpg 810w\" sizes=\"(max-width: 300px) 100vw, 300px\" \/><\/p>\n<h2>Gest\u00e3o Financeira, Bancos e Fluxo de Caixa<\/h2>\n<p>Gerencie e controle todos os aspectos da fest\u00e3o financeira de sua empresa com o SAP Business One, controlando contas a receber, contas a pagar, fluxo de caixa, bancos e tesouraria. Com integra\u00e7\u00e3o eletr\u00f4nica com sistemas de cobran\u00e7a e pagamento de bancos, o SAP Business One garante total fest\u00e3o sobre suas finan\u00e7as, al\u00e9m de prever fluxo de caixa e controlar bancos e suas concilia\u00e7\u00f5es.<\/p>\n<\/div>\n<p>&nbsp;<\/p>\n<hr \/>\n<div>\n<p>&nbsp;<\/p>\n<p><img loading=\"lazy\" class=\"wp-image-533 size-medium alignright\" src=\"http:\/\/tngtec.com.br\/site\/wp-content\/uploads\/2019\/01\/sap-adm-de-vendas-nfe-300x175.jpg\" alt=\"\" width=\"300\" height=\"175\" srcset=\"https:\/\/tngtec.com.br\/site\/wp-content\/uploads\/2019\/01\/sap-adm-de-vendas-nfe-300x175.jpg 300w, https:\/\/tngtec.com.br\/site\/wp-content\/uploads\/2019\/01\/sap-adm-de-vendas-nfe-768x448.jpg 768w, https:\/\/tngtec.com.br\/site\/wp-content\/uploads\/2019\/01\/sap-adm-de-vendas-nfe.jpg 810w\" sizes=\"(max-width: 300px) 100vw, 300px\" \/><\/p>\n<h2 style=\"text-align: left;\">Administra\u00e7\u00e3o de Vendas e Faturamento NFe<\/h2>\n<p style=\"text-align: left;\">Garanta a efici\u00eancia de suas vendas atrav\u00e9s do SAP Business One, com gest\u00e3o de or\u00e7amento de vendas, pedidos de vendas e seus respectivos faturamentos. Emita suas notas fiscais eletr\u00f4nicas no SAP Business One, seus cupons eletr\u00f4nicos, suas notas de servi\u00e7os, garantindo total integra\u00e7\u00e3o com a Receita. Com um conjunto extenso de relat\u00f3rios e dashboards de vendas, o SAP Business One traz transpar\u00eancia gerencial para a equipe de vendas, controlando seus resultados e performance.<\/p>\n<p>&nbsp;<\/p>\n<\/div>\n<hr \/>\n<h2><\/h2>\n<p>&nbsp;<\/p>\n<h2><img loading=\"lazy\" class=\"wp-image-537 size-medium alignleft\" src=\"http:\/\/tngtec.com.br\/site\/wp-content\/uploads\/2019\/01\/sap-gestao-de-relacionamento-crm-300x175.jpg\" alt=\"\" width=\"300\" height=\"175\" srcset=\"https:\/\/tngtec.com.br\/site\/wp-content\/uploads\/2019\/01\/sap-gestao-de-relacionamento-crm-300x175.jpg 300w, https:\/\/tngtec.com.br\/site\/wp-content\/uploads\/2019\/01\/sap-gestao-de-relacionamento-crm-768x448.jpg 768w, https:\/\/tngtec.com.br\/site\/wp-content\/uploads\/2019\/01\/sap-gestao-de-relacionamento-crm.jpg 810w\" sizes=\"(max-width: 300px) 100vw, 300px\" \/><\/h2>\n<h2>Gest\u00e3o de Relacionamento com o Cliente CRM<\/h2>\n<p>O SAP Business One traz uma solu\u00e7\u00e3o completa de CRM dentro de sua su\u00edte de m\u00f3dulos. Controle suas oportunidades de vendas, desde o seu nascimento, controlando suas respectivas atividades em um dashboard moderno e din\u00e2mico. Al\u00e9m disso, o CRM do SAP Business One tamb\u00e9m controla servi\u00e7os, desde a abertura de ordens de servi\u00e7o at\u00e9 o controle de cart\u00f5es de equipamentos e relacionados. Assim, todo cliente de SAP Business One tem uma solu\u00e7\u00e3o completa de CRM dentro dela, evitando ter que integrar com outras solu\u00e7\u00f5es, e maximizando seu potencial de resultados.<\/p>\n<p>&nbsp;<\/p>\n<hr \/>\n<p>&nbsp;<\/p>\n<p><img loading=\"lazy\" class=\"wp-image-539 size-medium alignright\" src=\"http:\/\/tngtec.com.br\/site\/wp-content\/uploads\/2019\/01\/sap-compras-e-suprimentos-300x175.jpg\" alt=\"\" width=\"300\" height=\"175\" srcset=\"https:\/\/tngtec.com.br\/site\/wp-content\/uploads\/2019\/01\/sap-compras-e-suprimentos-300x175.jpg 300w, https:\/\/tngtec.com.br\/site\/wp-content\/uploads\/2019\/01\/sap-compras-e-suprimentos-768x448.jpg 768w, https:\/\/tngtec.com.br\/site\/wp-content\/uploads\/2019\/01\/sap-compras-e-suprimentos.jpg 810w\" sizes=\"(max-width: 300px) 100vw, 300px\" \/><\/p>\n<h2>Compras e Suprimentos<\/h2>\n<p>Gerencie toda a sua \u00e1rea de suprimentos com o SAP Business One, controlando todo o processo de compras, desde a cota\u00e7\u00e3o, com requisi\u00e7\u00f5es que podem ser colocadas via portal, at\u00e9 a aprova\u00e7\u00e3o e coloca\u00e7\u00e3o dos pedidos de compras. Gerencie todos os seus recebimentos de compras, alinhados com as pol\u00edticas de log\u00edstica, fiscais e cont\u00e1beis, garantindo completo controle dos processos de suprimentos.<\/p>\n<p>&nbsp;<\/p>\n<hr \/>\n<p>&nbsp;<\/p>\n<h2><\/h2>\n<h2><img loading=\"lazy\" class=\"wp-image-540 size-medium alignleft\" src=\"http:\/\/tngtec.com.br\/site\/wp-content\/uploads\/2019\/01\/sap-gestao-de-producao-300x175.jpg\" alt=\"\" width=\"300\" height=\"175\" srcset=\"https:\/\/tngtec.com.br\/site\/wp-content\/uploads\/2019\/01\/sap-gestao-de-producao-300x175.jpg 300w, https:\/\/tngtec.com.br\/site\/wp-content\/uploads\/2019\/01\/sap-gestao-de-producao-768x448.jpg 768w, https:\/\/tngtec.com.br\/site\/wp-content\/uploads\/2019\/01\/sap-gestao-de-producao.jpg 810w\" sizes=\"(max-width: 300px) 100vw, 300px\" \/><\/h2>\n<h2>Gest\u00e3o de Produ\u00e7\u00e3o e MRP<\/h2>\n<p>O SAP Business One tem solu\u00e7\u00f5es completas para planejamento e controle da produ\u00e7\u00e3o, incluindo planejamento de demandas, MRP I, MRP II, BOM (estrutura de produtos), c\u00e1lculo de capacidades, e controle completo das ordens de produ\u00e7\u00e3o. Com fun\u00e7\u00f5es e processos dispon\u00edveis para diversos tipos de produ\u00e7\u00e3o, o SAP Business One pode gerenciar e controlar de forma eficiente a manufatura de sua empresa.<\/p>\n<p>&nbsp;<\/p>\n<hr \/>\n<p>&nbsp;<\/p>\n<h2><img loading=\"lazy\" class=\"wp-image-541 size-medium alignright\" src=\"http:\/\/tngtec.com.br\/site\/wp-content\/uploads\/2019\/01\/sap-gestao-fiscal-completa-300x175.jpg\" alt=\"\" width=\"300\" height=\"175\" srcset=\"https:\/\/tngtec.com.br\/site\/wp-content\/uploads\/2019\/01\/sap-gestao-fiscal-completa-300x175.jpg 300w, https:\/\/tngtec.com.br\/site\/wp-content\/uploads\/2019\/01\/sap-gestao-fiscal-completa-768x448.jpg 768w, https:\/\/tngtec.com.br\/site\/wp-content\/uploads\/2019\/01\/sap-gestao-fiscal-completa.jpg 810w\" sizes=\"(max-width: 300px) 100vw, 300px\" \/><\/h2>\n<h2>Gest\u00e3o Fiscal Completa, com SPEDs, Livros e Afins<\/h2>\n<p>Tenha uma gest\u00e3o fiscal completa com o seu SAP Business One, gerando as obriga\u00e7\u00f5es fiscais que sua empresa necessita. Tenha o SPED Fiscal, SPED Cont\u00e1bil, Bloco K, ECF, entre outros. Conhe\u00e7a todos os aspectos da solu\u00e7\u00e3o fiscal em SAP Business One, e garanta seu compliance perante a legisla\u00e7\u00e3o brasileira, de forma completamente integrada.<\/p>\n<p>&nbsp;<\/p>\n<hr \/>\n<p>&nbsp;<\/p>\n<h2><\/h2>\n<h2><img loading=\"lazy\" class=\"wp-image-542 size-medium alignleft\" src=\"http:\/\/tngtec.com.br\/site\/wp-content\/uploads\/2019\/01\/sap-relatorios-e-dashboards-300x175.jpg\" alt=\"\" width=\"300\" height=\"175\" srcset=\"https:\/\/tngtec.com.br\/site\/wp-content\/uploads\/2019\/01\/sap-relatorios-e-dashboards-300x175.jpg 300w, https:\/\/tngtec.com.br\/site\/wp-content\/uploads\/2019\/01\/sap-relatorios-e-dashboards-768x448.jpg 768w, https:\/\/tngtec.com.br\/site\/wp-content\/uploads\/2019\/01\/sap-relatorios-e-dashboards.jpg 810w\" sizes=\"(max-width: 300px) 100vw, 300px\" \/><\/h2>\n<h2>Relat\u00f3rio e dashboards<\/h2>\n<p>O SAP Business One trabalha com o famoso e completo gerador de relat\u00f3rios SAP Business Objects Crystal Reports, garantindo aos clientes total acesso a informa\u00e7\u00f5es, de forma gr\u00e1fica ou num\u00e9rica, e permitindo a sua equipe que altere ou gere novos relat\u00f3rios ou dashboards, de forma eficiente e pr\u00e1tica, com baixo custo.<\/p>\n<p>&nbsp;<\/p>\n<hr \/>\n<p>&nbsp;<\/p>\n<h2><img loading=\"lazy\" class=\"wp-image-543 size-medium alignright\" src=\"http:\/\/tngtec.com.br\/site\/wp-content\/uploads\/2019\/01\/sap-solucoes-de-integracao-300x175.jpg\" alt=\"\" width=\"300\" height=\"175\" srcset=\"https:\/\/tngtec.com.br\/site\/wp-content\/uploads\/2019\/01\/sap-solucoes-de-integracao-300x175.jpg 300w, https:\/\/tngtec.com.br\/site\/wp-content\/uploads\/2019\/01\/sap-solucoes-de-integracao-768x448.jpg 768w, https:\/\/tngtec.com.br\/site\/wp-content\/uploads\/2019\/01\/sap-solucoes-de-integracao.jpg 810w\" sizes=\"(max-width: 300px) 100vw, 300px\" \/><\/h2>\n<h2>Solu\u00e7\u00f5es de Integra\u00e7\u00e3o<\/h2>\n<p>Integre o SAP Business One com solu\u00e7\u00f5es de mercado, usando o SAP Business One B1iF, Business One Integration Framework, onde desenvolvedores tem acesso a garantir integra\u00e7\u00e3o com solu\u00e7\u00f5es de mercado, ou at\u00e9 com solu\u00e7\u00f5es SAP com aplicativos prontos &#8220;out of the box&#8221;.<\/p>\n<p>&nbsp;<\/p>\n<p>&nbsp;<\/p>\n<hr \/>\n<p>&nbsp;<\/p>\n<h2><img loading=\"lazy\" class=\"wp-image-544 size-medium alignleft\" src=\"http:\/\/tngtec.com.br\/site\/wp-content\/uploads\/2019\/01\/sap-computacao-em-memoria-300x175.jpg\" alt=\"\" width=\"300\" height=\"175\" srcset=\"https:\/\/tngtec.com.br\/site\/wp-content\/uploads\/2019\/01\/sap-computacao-em-memoria-300x175.jpg 300w, https:\/\/tngtec.com.br\/site\/wp-content\/uploads\/2019\/01\/sap-computacao-em-memoria-768x448.jpg 768w, https:\/\/tngtec.com.br\/site\/wp-content\/uploads\/2019\/01\/sap-computacao-em-memoria.jpg 810w\" sizes=\"(max-width: 300px) 100vw, 300px\" \/><\/h2>\n<h2>Computa\u00e7\u00e3o em Mem\u00f3ria<\/h2>\n<p>A SAP \u00e9 pioneira em computa\u00e7\u00e3o em mem\u00f3ria para o mundo dos ERPs, com a solu\u00e7\u00e3o SAP HANA. O HANA \u00e9 uma solu\u00e7\u00e3o que permite que a computa\u00e7\u00e3o em mem\u00f3ria adentre no ERP SAP Business One, aumentando a velocidade de acesso a informa\u00e7\u00f5es complexas em mais de 120 vezes. Conhe\u00e7a as aplica\u00e7\u00f5es de performance SAP HANA for SAP Business One, e potencialize sua empresa.<\/p>\n<p>&nbsp;<\/p>\n<p>&nbsp;<\/p>\n<hr \/>\n<p>&nbsp;<\/p>\n<h2><img loading=\"lazy\" class=\"wp-image-545 size-medium alignright\" src=\"http:\/\/tngtec.com.br\/site\/wp-content\/uploads\/2019\/01\/sap-aplicacoes-moveis-300x175.jpg\" alt=\"\" width=\"300\" height=\"175\" srcset=\"https:\/\/tngtec.com.br\/site\/wp-content\/uploads\/2019\/01\/sap-aplicacoes-moveis-300x175.jpg 300w, https:\/\/tngtec.com.br\/site\/wp-content\/uploads\/2019\/01\/sap-aplicacoes-moveis-768x448.jpg 768w, https:\/\/tngtec.com.br\/site\/wp-content\/uploads\/2019\/01\/sap-aplicacoes-moveis.jpg 810w\" sizes=\"(max-width: 300px) 100vw, 300px\" \/><\/h2>\n<h2>Aplica\u00e7\u00f5es M\u00f3veis by SAP Business One<\/h2>\n<p>O SAP Business One j\u00e1 vem com uma su\u00edte completa de aplicativos m\u00f3veis, dispon\u00edveis dentro das lojas da Apple Store e Google Play. Gratuito para quem j\u00e1 tem seu usu\u00e1rio SAP Business One, o aplicativo m\u00f3vel da SAP permite que se gerencie a sua empresa a dist\u00e2ncia. Tire pedidos, cadastre clientes, verifique estoque, acesse mapas, veja seus relat\u00f3rios e dashboards, tudo isso e muito mais dentro dos aplicativos m\u00f3veis da SAP. Baixe agora o seu aplicativo, mesmo que em forma demonstrativa e conhe\u00e7a todo o potencial da solu\u00e7\u00e3o SAP.<\/p>\n<p>&nbsp;<\/p>\n<hr \/>\n<p>&nbsp;<\/p>\n<h2><img loading=\"lazy\" class=\"wp-image-546 size-medium alignleft\" src=\"http:\/\/tngtec.com.br\/site\/wp-content\/uploads\/2019\/01\/sap-processos-complince-300x175.jpg\" alt=\"\" width=\"300\" height=\"175\" srcset=\"https:\/\/tngtec.com.br\/site\/wp-content\/uploads\/2019\/01\/sap-processos-complince-300x175.jpg 300w, https:\/\/tngtec.com.br\/site\/wp-content\/uploads\/2019\/01\/sap-processos-complince-768x448.jpg 768w, https:\/\/tngtec.com.br\/site\/wp-content\/uploads\/2019\/01\/sap-processos-complince.jpg 810w\" sizes=\"(max-width: 300px) 100vw, 300px\" \/><\/h2>\n<h2>Processos, Compliance e Seguran\u00e7a da Opera\u00e7\u00e3o<\/h2>\n<p>A SAP \u00e9 conhecida por ter processos que podem ser considerados &#8220;benchmark de mercado&#8221;, ou seja, melhores pr\u00e1ticas de mercado. O SAP Business One traz toda essa melhor pr\u00e1tica de processos para seus usu\u00e1rios, garantindo processos seguros, \u00edntegros e com total compliance dentro das expectativas da empresa e mercado. Assim, o SAP Business One foca em seguran\u00e7a operacional, a prova de erros, com processos s\u00f3lidos e sistemas que evitam ou reduzem erros de usu\u00e1rios, valorizando as empresas usu\u00e1rias pela sua seguran\u00e7a.<\/p>\n<p>&nbsp;<\/p>\n<hr \/>\n<p>&nbsp;<\/p>\n<h2><img loading=\"lazy\" class=\"wp-image-547 size-medium alignright\" src=\"http:\/\/tngtec.com.br\/site\/wp-content\/uploads\/2019\/01\/sap-gestao-de-resultados-300x175.jpg\" alt=\"\" width=\"300\" height=\"175\" srcset=\"https:\/\/tngtec.com.br\/site\/wp-content\/uploads\/2019\/01\/sap-gestao-de-resultados-300x175.jpg 300w, https:\/\/tngtec.com.br\/site\/wp-content\/uploads\/2019\/01\/sap-gestao-de-resultados-768x448.jpg 768w, https:\/\/tngtec.com.br\/site\/wp-content\/uploads\/2019\/01\/sap-gestao-de-resultados.jpg 810w\" sizes=\"(max-width: 300px) 100vw, 300px\" \/><\/h2>\n<h2>Gest\u00e3o de Resultados e Lucratividade Empresarial<\/h2>\n<p>A gest\u00e3o empresarial dos tempos atuais \u00e9 moderna, \u00e1gil e foca em resultados. Resultados que podem ser vistos de forma online para toda a empresa, ou para divis\u00f5es, filiais, departamento, entre outros. E n\u00e3o apenas uma fest\u00e3o por fluxo de caixa, que \u00e9 importante para o dia a dia, mas n\u00e3o resolve os problemas de lucratividade da empresa. O SAP Business One \u00e9 a solu\u00e7\u00e3o que entende desses pontos, e garante uma gest\u00e3o por resultados, focando em oferecer informa\u00e7\u00f5es \u00e1geis e precisas \u00e0 dire\u00e7\u00e3o da empresa. Al\u00e9m de entregar os resultados em forma de DRE gerencial, o SAP Business One tamb\u00e9m gerencia seu fluxo de caixa, de forma a prever os seus desembolsos e recebimentos. Pense moderno, pense em gest\u00e3o profissional: pense em SAP Business One by Ramo.<\/p>\n<p>&nbsp;<\/p>\n<hr \/>\n<p>&nbsp;<\/p>\n<p><img loading=\"lazy\" class=\"wp-image-507 aligncenter\" src=\"http:\/\/tngtec.com.br\/site\/wp-content\/uploads\/2019\/01\/sap-300x77.png\" alt=\"\" width=\"211\" height=\"54\" srcset=\"https:\/\/tngtec.com.br\/site\/wp-content\/uploads\/2019\/01\/sap-300x77.png 300w, https:\/\/tngtec.com.br\/site\/wp-content\/uploads\/2019\/01\/sap-768x198.png 768w, https:\/\/tngtec.com.br\/site\/wp-content\/uploads\/2019\/01\/sap-1024x264.png 1024w, https:\/\/tngtec.com.br\/site\/wp-content\/uploads\/2019\/01\/sap-600x150.png 600w\" sizes=\"(max-width: 211px) 100vw, 211px\" \/><\/p>\n<p>&nbsp;<\/p>\n<p>&nbsp;<\/p>\n","protected":false},"excerpt":{"rendered":"<p>Empresas como a sua tem\u00a0grandes metas. Seja como uma pequena empresa ou at\u00e9 subsidi\u00e1ria de uma grande corpora\u00e7\u00e3o, voc\u00ea precisa ter uma vis\u00e3o clara de toda a din\u00e2mica dos neg\u00f3cios para enfrentar a\u00a0concorr\u00eancia.\u00a0Deve agilizar processos e encontrar meios mais eficientes de acessar as informa\u00e7\u00f5es que resultar\u00e3o nas melhores decis\u00f5es sobre os neg\u00f3cios. O\u00a0SAP Business One, [&hellip;]<\/p>\n","protected":false},"author":2,"featured_media":496,"parent":0,"menu_order":0,"comment_status":"closed","ping_status":"closed","template":"","meta":[],"_links":{"self":[{"href":"https:\/\/tngtec.com.br\/site\/wp-json\/wp\/v2\/pages\/429"}],"collection":[{"href":"https:\/\/tngtec.com.br\/site\/wp-json\/wp\/v2\/pages"}],"about":[{"href":"https:\/\/tngtec.com.br\/site\/wp-json\/wp\/v2\/types\/page"}],"author":[{"embeddable":true,"href":"https:\/\/tngtec.com.br\/site\/wp-json\/wp\/v2\/users\/2"}],"replies":[{"embeddable":true,"href":"https:\/\/tngtec.com.br\/site\/wp-json\/wp\/v2\/comments?post=429"}],"version-history":[{"count":76,"href":"https:\/\/tngtec.com.br\/site\/wp-json\/wp\/v2\/pages\/429\/revisions"}],"predecessor-version":[{"id":654,"href":"https:\/\/tngtec.com.br\/site\/wp-json\/wp\/v2\/pages\/429\/revisions\/654"}],"wp:featuredmedia":[{"embeddable":true,"href":"https:\/\/tngtec.com.br\/site\/wp-json\/wp\/v2\/media\/496"}],"wp:attachment":[{"href":"https:\/\/tngtec.com.br\/site\/wp-json\/wp\/v2\/media?parent=429"}],"curies":[{"name":"wp","href":"https:\/\/api.w.org\/{rel}","templated":true}]}}